common divisor of 235 and 21291.
47
What is the highest common factor of 472733 and 218?
109
Calculate the greatest common factor of 592 and 238.
2
What is the greatest common divisor of 199590 and 210?
30
What is the greatest common divisor of 1240 and 2356?
124
What is the highest common factor of 2608 and 371966?
326
Calculate the greatest common factor of 1118 and 9464.
26
Calculate the greatest common factor of 1621910 and 1534.
118
What is the greatest common factor of 23380 and 290?
10
What is the greatest common factor of 2784 and 154164?
348
What is the highest common divisor of 220550 and 352?
22
Calculate the greatest common factor of 720 and 55.
5
What is the greatest common divisor of 133604 and 13676?
1052
What is the greatest common divisor of 652 and 915571?
163
What is the highest common factor of 1092 and 525?
21
What is the highest common divisor of 195 and 10545?
15
Calculate the greatest common factor of 11 and 199881.
11
Calculate the greatest common divisor of 233 and 49163.
233
What is the greatest common divisor of 20 and 3?
1
What is the greatest common divisor of 67820 and 1930?
10
What is the greatest common factor of 10557 and 16983?
459
Calculate the greatest common divisor of 42296 and 136.
136
What is the greatest common divisor of 86203 and 209?
19
Calculate the highest common divisor of 1596129 and 1329.
1329
Calculate the highest common factor of 53 and 133984.
53
What is the greatest common factor of 9589 and 1462?
43
Calculate the highest common factor of 1920 and 5340.
60
Calculate the greatest common divisor of 606888 and 360.
72
Calculate the greatest common factor of 6 and 2653062.
6
Calculate the greatest common factor of 511 and 14581.
7
What is the highest common divisor of 112 and 6748?
28
What is the greatest common divisor of 1941 and 102226?
647
Calculate the highest common divisor of 1695 and 305.
5
What is the highest common divisor of 32814 and 342?
18
What is the greatest common divisor of 1610154 and 9?
9
What is the greatest common divisor of 20480 and 29152?
32
Calculate the highest common factor of 765891 and 7.
7
Calculate the greatest common divisor of 2898 and 132894.
414
What is the highest common divisor of 230 and 14214?
46
What is the highest common factor of 400 and 38288?
16
What is the highest common factor of 824 and 88064?
8
What is the greatest common divisor of 157352 and 16796?
884
What is the highest common factor of 16834538 and 14?
14
What is the greatest common factor of 42 and 4548?
6
Calculate the highest common divisor of 26 and 2.
2
Calculate the greatest common factor of 762 and 966.
6
What is the greatest common factor of 120 and 21110?
10
Calculate the greatest common divisor of 137846 and 314.
314
Calculate the highest common factor of 525 and 28275.
75
What is the highest common divisor of 2530 and 2961365?
1265
Calculate the greatest common factor of 1317365 and 16980.
1415
Calculate the highest common divisor of 287382 and 46842.
1266
Calculate the highest common factor of 630 and 274410.
90
Calculate the greatest common factor of 46284 and 3915.
87
Calculate the highest common divisor of 977505 and 15.
15
What is the highest common divisor of 4670 and 3625?
5
What is the greatest common factor of 126 and 612486?
126
What is the greatest common divisor of 254 and 460121?
127
Calculate the greatest common factor of 9 and 8020197.
9
What is the highest common divisor of 1613400 and 600?
600
What is the highest common factor of 41749 and 20120?
503
Calculate the greatest common divisor of 2448 and 1764.
36
Calculate the greatest common factor of 3222 and 71242.
358
Calculate the greatest common factor of 9024008 and 952.
952
What is the highest common divisor of 3199 and 28?
7
Calculate the highest common factor of 48840 and 24.
24
What is the greatest common factor of 1840 and 3542?
46
Calculate the highest common divisor of 108 and 2818.
2
Calculate the highest common divisor of 119646 and 765.
153
Calculate the greatest common divisor of 1977442 and 1746.
194
What is the highest common divisor of 20 and 189340?
20
What is the greatest common divisor of 59885 and 31465?
1015
What is the greatest common divisor of 8 and 10386664?
8
Calculate the highest common factor of 351450 and 142.
142
Calculate the greatest common divisor of 10976 and 2240.
224
Calculate the greatest common divisor of 396 and 11099.
11
Calculate the highest common factor of 5511 and 1749.
33
Calculate the highest common divisor of 19503 and 3069.
99
What is the highest common factor of 24 and 123324?
12
What is the highest common factor of 153489 and 546?
21
What is the greatest common factor of 10366788 and 12?
12
What is the greatest common factor of 60 and 97220?
20
Calculate the highest common factor of 3197 and 4031.
139
Calculate the highest common factor of 576 and 9576.
72
Calculate the highest common divisor of 432 and 376344.
72
What is the greatest common divisor of 290038 and 322?
14
What is the greatest common factor of 1368 and 23427?
171
Calculate the greatest common factor of 9532254 and 6.
6
Calculate the greatest common divisor of 63684 and 108.
36
What is the highest common factor of 9963 and 7872?
123
What is the highest common factor of 90 and 871326?
18
Calculate the highest common divisor of 76590 and 101232.
666
Calculate the greatest common factor of 6341 and 391.
17
Calculate the greatest common divisor of 5 and 1291335.
5
Calculate the highest common factor of 35 and 2165135.
35
Calculate the highest common divisor of 23762 and 2943.
109
Calculate the greatest common divisor of 1705 and 2015.
155
Calculate the greatest common factor of 1152 and 1776.
48
What is the greatest common factor of 4 and 259186?
2
What is the greatest common factor of 246 and 86961?
123
Calculate the highest common divisor of 2335689 and 1884.
471
What is the highest common divisor of 328 and 32677?
41
Calculate the greatest common divisor of 15372 and 140.
28
Calculate the greatest common factor of 90983 and 444.
37
What is the greatest common factor of 380 and 1413220?
380
Calculate the highest common factor of 588 and 166656.
84
What is the highest common divisor of 33 and 142670?
11
Calculate the highest common factor of 5035 and 55915.
265
What is the highest common divisor of 79024 and 176?
176
Calculate the greatest common factor of 38751 and 6.
3
Calculate the greatest common factor of 713 and 5797.
31
What is the greatest common factor of 11554 and 530?
106
Calculate the greatest common factor of 206152 and 7592.
584
Calculate the highest common divisor of 3102 and 9118.
94
Calculate the highest common divisor of 16140 and 60.
60
Calculate the highest common factor of 1224 and 742356.
612
What is the greatest common factor of 1023 and 14685?
33
What is the highest common factor of 2076219 and 6?
3
What is the greatest common divisor of 262 and 1871466?
262
What is the greatest common factor of 3240 and 45720?
360
What is the greatest common divisor of 144 and 53424?
144
Calculate the highest common factor of 112 and 7959.
7
What is the greatest common divisor of 31858 and 119?
17
What is the greatest common factor of 171288 and 624?
312
What is the highest common factor of 4986 and 452618?
554
Calculate the greatest common factor of 4350 and 10500.
150
What is the highest common factor of 325260 and 104?
52
What is the highest common divisor of 28 and 5194?
14
What is the greatest common factor of 41834 and 104?
26
Calculate the greatest common divisor of 52 and 88920.
52
What is the highest common divisor of 9834 and 66?
66
What is the highest common divisor of 2535 and 2865?
15
Calculate the greatest common factor of 19779 and 299808.
1041
Calculate the highest common factor of 2264581 and 458.
229
Calculate the greatest common factor of 247 and 513.
19
Calculate the highest common factor of 473 and 10621.
43
Calculate the highest common divisor of 666615 and 190.
95
Calculate the highest common factor of 52 and 88764.
52
Calculate the highest common divisor of 3460 and 285104.
692
What is the highest common divisor of 18093 and 27?
3
Calculate the greatest common divisor of 165 and 6319610.
55
Calculate the greatest common factor of 17 and 70363.
17
Calculate the greates